when 80857767 is divided by 38?
37
Calculate the remainder when 37999 is divided by 476.
395
What is the remainder when 5873302 is divided by 1215?
1207
Calculate the remainder when 63773 is divided by 663.
125
What is the remainder when 2816365 is divided by 889?
13
Calculate the remainder when 76034634 is divided by 1027495.
4
Calculate the remainder when 12799889 is divided by 235.
144
Calculate the remainder when 106303 is divided by 35269.
496
Calculate the remainder when 117481403 is divided by 21.
11
Calculate the remainder when 5112760 is divided by 28092.
16
Calculate the remainder when 4489242 is divided by 43.
42
Calculate the remainder when 637416 is divided by 4010.
3836
What is the remainder when 24838 is divided by 3399?
1045
Calculate the remainder when 4666902 is divided by 362.
360
Calculate the remainder when 10378077 is divided by 1703.
1698
What is the remainder when 764790 is divided by 151?
126
Calculate the remainder when 5327963 is divided by 266389.
183
Calculate the remainder when 81710 is divided by 4297.
67
What is the remainder when 122644 is divided by 500?
144
Calculate the remainder when 9144550 is divided by 27627.
13
What is the remainder when 114153 is divided by 284?
269
What is the remainder when 968654 is divided by 2524?
1962
What is the remainder when 43135 is divided by 348?
331
What is the remainder when 286656 is divided by 284632?
2024
Calculate the remainder when 1170850184 is divided by 45.
44
Calculate the remainder when 249682 is divided by 83222.
16
What is the remainder when 1129717 is divided by 2677?
23
What is the remainder when 3756765 is divided by 48?
45
What is the remainder when 697873 is divided by 2349?
220
Calculate the remainder when 394115 is divided by 1077.
1010
What is the remainder when 182669 is divided by 179177?
3492
Calculate the remainder when 314293 is divided by 36.
13
Calculate the remainder when 9666570 is divided by 19.
16
Calculate the remainder when 37730 is divided by 18043.
1644
Calculate the remainder when 5192888 is divided by 167.
23
Calculate the remainder when 12969860 is divided by 17.
16
What is the remainder when 131172 is divided by 1102?
34
Calculate the remainder when 14599 is divided by 3643.
27
What is the remainder when 240013 is divided by 79967?
112
Calculate the remainder when 43077 is divided by 443.
106
Calculate the remainder when 219031122 is divided by 38440.
2
What is the remainder when 28521 is divided by 4706?
285
Calculate the remainder when 240402811 is divided by 3888.
3883
What is the remainder when 623258691 is divided by 2737?
2736
Calculate the remainder when 265401 is divided by 53062.
91
Calculate the remainder when 24857581 is divided by 2908.
2905
Calculate the remainder when 30982994 is divided by 428.
74
Calculate the remainder when 6930018 is divided by 1137.
3
What is the remainder when 2691584 is divided by 256?
0
What is the remainder when 13004 is divided by 1263?
374
Calculate the remainder when 220480438 is divided by 1460.
1458
Calculate the remainder when 71489568 is divided by 461223.
3
Calculate the remainder when 101995 is divided by 215.
85
Calculate the remainder when 2146672 is divided by 4823.
437
Calculate the remainder when 1538384 is divided by 40477.
258
What is the remainder when 4364302 is divided by 272759?
158
Calculate the remainder when 11913 is divided by 149.
142
What is the remainder when 314979 is divided by 78731?
55
Calculate the remainder when 11558534 is divided by 99.
86
What is the remainder when 37225034 is divided by 613?
609
What is the remainder when 41612 is divided by 13577?
881
Calculate the remainder when 24361546 is divided by 1398.
1396
What is the remainder when 26125265 is divided by 4122?
29
Calculate the remainder when 41843 is divided by 20886.
71
Calculate the remainder when 587283 is divided by 718.
677
What is the remainder when 3388461 is divided by 1129481?
18
What is the remainder when 1640284 is divided by 828?
16
Calculate the remainder when 1223731 is divided by 1946.
1643
Calculate the remainder when 687997 is divided by 823.
792
What is the remainder when 3976836 is divided by 708?
0
Calculate the remainder when 938565 is divided by 573.
564
What is the remainder when 26283 is divided by 5204?
263
Calculate the remainder when 2585633 is divided by 323201.
25
Calculate the remainder when 137729643 is divided by 372.
363
What is the remainder when 535739 is divided by 267832?
75
Calculate the remainder when 273408 is divided by 26.
18
What is the remainder when 39086830 is divided by 155?
15
What is the remainder when 147392 is divided by 207?
8
What is the remainder when 21782331 is divided by 483?
480
What is the remainder when 39228891 is divided by 6?
3
Calculate the remainder when 895875 is divided by 33176.
123
What is the remainder when 358064 is divided by 4651?
4588
Calculate the remainder when 11090142 is divided by 170.
22
Calculate the remainder when 17794091 is divided by 317751.
35
Calculate the remainder when 2538782 is divided by 317301.
374
What is the remainder when 122660 is divided by 108?
80
What is the remainder when 67079 is divided by 5124?
467
Calculate the remainder when 137772 is divided by 137699.
73
Calculate the remainder when 654497 is divided by 268.
41
What is the remainder when 69710703 is divided by 1053?
1050
Calculate the remainder when 140820 is divided by 2759.
111
Calculate the remainder when 8527006 is divided by 26.
20
Calculate the remainder when 777750 is divided by 14.
8
What is the remainder when 6946559 is divided by 27?
26
What is the remainder when 360884 is divided by 3716?
432
Calculate the remainder when 7290705 is divided by 81918.
3
What is the remainder when 739904 is divided by 303?
281
What is the remainder when 6682597 is divided by 4683?
4639
Calculate the remainder when 8390456 is divided by 52.
48
What is the remainder when 267877192 is divided by 1895?
1887
What is the remainder when 3857441 is divided by 41?
38
What is the remainder when 330879054 is divided by 21?
9
What is the remainder when 43816 is divided by 2427?
130
What is the remainder when 1730966 is divided by 8086?
562
Calculate the remainder when 17167 is divided by 1217.
129
What is the remainder when 3050099 is divided by 36748?
15
Calculate the remainder when 336642 is divided by 21904.
8082
Calculate the remainder when 65479 is divided by 65474.
5
What is the remainder when 7509011 is divided by 28?
27
Calculate the remainder when 131316 is divided by 679.
269
What is the remainder when 2092576229 is divided by 1790?
1789
What is the remainder when 8608994 is divided by 1434830?
14
Calculate the remainder when 9195086 is divided by 203.
201
What is the remainder when 4381102 is divided by 273817?
30
What is the remainder when 17956834 is divided by 3172?
142
What is the remainder when 5689849 is divided by 1115?
4
What is the remainder when 677351 is divided by 1?
0
Calculate the remainder when 3450381 is divided by 314.
149
What is the remainder when 155627479 is divided by 190?
189
Calculate the remainder when 14798038 is divided by 528500.
38
What is the remainder when 3378344 is divided by 20?
4
Calculate the remainder when 613417 is divided by 4449.
3904
What is the remainder when 111115452 is divided by 6032?
6012
Calculate the remainder when 140571 is divided by 859.
554
Calculate the remainder when 917464 is divided by 10422.
328
What is the remainder when 128910548 is divided by 463707?
2
Calculate the remainder when 38213 is divided by 12648.
269
Calculate the remainder when 30819172 is divided by 2429.
20
What is the remainder when 40781 is divided by 374?
15
Calculate the remainder when 2690414 is divided by 248.
110
What is the remainder when 2757545 is divided by 1474?
1165
Calculate the remainder when 5999447 is divided by 4415.
3877
Calculate the remainder when 4999328 is divided by 9.
8
Calculate the remainder when 610868 is divided by 41.
9
What is the remainder when 24695049 is divided by 761?
599
What is the remainder when 673404 is divided by 67331?
94
Calculate the remainder when 400898 is divided by 17426.
100
What is the remainder when 20481325 is divided by 238?
235
Calculate the remainder when 6697516 is div